 9 - (40 - 31 - (-5 - -1))?
-5
-1 + 5 + (8 + -28 + 8 - -8)
0
What is the value of 5 + -1 - (127 - 119)?
-4
-1030 + 1046 - (0 + 11)
5
What is 0 - (-1 + -11) - (-1 + 9)?
4
(7 - (6 + 8)) + 8
1
Calculate 17 + (8 - 13) + -21.
-9
(-5 + 67 - 59) + -24 + 1
-20
What is -7 + -4 - (7 + -1 + 0)?
-17
What is the value of (-11 - -4) + 7 - (1 - 2 - 14)?
15
8 + (3 - 5) - -5 - (5 + 1)
5
Evaluate -6 - (12 - (13 - 6 - -9)).
-2
Calculate -26 - -11 - (-10 - 3).
-2
Evaluate -16 + -4 + -1 + -4 + (-1 - -13).
-13
What is the value of (-14 - -3) + -461 + 455?
-17
What is the value of -39 - -41 - 14 - (0 - 9)?
-3
What is the value of (25 - 41 - 6) + 6?
-16
Calculate -2 - (-10 - -23) - (-7 + 1).
-9
Calculate 4 + 1 + -9 + -6 + -2.
-12
Evaluate 21 + 2 + -8 + (47 - 49).
13
-14 - (25 + -11 + -16)
-12
What is -6 + (12 - ((2 - 20) + 5))?
19
What is (-1 - (-6 + -2 - (0 + -1))) + -15?
-9
What is (1 - 6) + -3 + 9 + 11 + 0?
12
Evaluate 12 - (-1 + -17 - -42).
-12
9 - (-15 + 3 + -6 + 10 + -1)
18
-14 + 9 + 9 + -25
-21
Calculate -2 - (-10 - (-7 + 2)) - 7.
-4
2 + 0 + 3 + (62 - 51)
16
Evaluate (10 - 0 - -10) + -10.
10
What is -7 - ((17 - -15) + -17 + 8)?
-30
(12 - -3) + (-134 - -112)
-7
Evaluate -5 + (-3 + 8 + (4 - 5) - 8).
-9
Evaluate -19 + 17 - 4 - (-21 - -3).
12
Calculate -33 + 49 + -15 - (-2 - 2).
5
What is -4 - (12 - 55 - -34)?
5
Evaluate -14 - ((30 - 20) + -36).
12
2 - -7 - 1 - 1 - 7
0
(-25 - -3) + 11 - (-7 + 4)
-8
-4 + (8 - (4 + (-12 - -8)))
4
What is -12 + (1 - -28) + -5?
12
(-14 - -3) + -1 + (5 - -33)
26
What is 41 + -66 - (-6 - 2 - (-1 + 0))?
-18
-7 + 25 + -26 - 2
-10
What is the value of -5 - (-11 - (9 + -27))?
-12
(13 + 7 + -15 + 1 - 6) + -20
-20
Evaluate -19 + (31 - 14 - 5).
-7
What is the value of -19 + 43 - (12 + -2)?
14
What is 0 - -1 - -2 - (53 + (-158 - -90))?
18
(-4 - (3 - 15)) + (-3 - -1)
6
What is the value of -3 + -1 + (-12 + 22 - -6)?
12
(-19 + -11 - 22) + 21 - (-8 + 0)
-23
Evaluate 2 + 7 + -5 + 1.
5
(-70 - (-14 - 33)) + 16
-7
-1 + (1 + 2 - 1) - (7 - 7)
1
What is the value of (0 - 4) + 0 + -8 - (-120 + 114)?
-6
What is the value of 33 + (4 + 8 - (11 + 3 + -3))?
34
Calculate 10 + 1 - (616 - 594).
-11
What is 12 + (30 - (11 + 48))?
-17
Calculate (-4 - 1) + 0 + (-5 - 17 - -8).
-19
Calculate 6 + 10 + (25 - 13 - 9).
19
Calculate 19 + -7 + (-9 - 0) + -7.
-4
What is the value of -7 - (-39 - -26) - (14 - (0 + -1))?
-9
What is 14 + (12 - 13 - -19) + -9?
23
Calculate -5 - (7 + 14 - 12).
-14
-3 + -5 - (556 - 535)
-29
What is -2 - (18 + 5) - -23?
-2
8 + -7 - 18 - -8
-9
(-6 - (-4 + -2) - (-50 - -42)) + 8
16
-7 - (-9 + -20 + 7)
15
-23 - (-9 + 2 + -1) - 0
-15
What is 3 - 7 - -14 - 18 - -9?
1
Evaluate 0 + 17 - (-179 - -204).
-8
(1 - -4) + 131 + -142
-6
What is 6 - -13 - (-8 + 19)?
8
(34 - 13 - 13) + -14 - (3 - 1)
-8
-2 + 1 + 6 + (-4259 - -4270)
16
What is -11 + (-5 - -21) - (30 + -1)?
-24
What is 17 - ((-12 - -1) + -3 - (-8 - 2))?
21
-1 + 3 - (-3 + (-2 - -9) + 0)
-2
What is the value of 20 - 0 - (54 - 54) - 0?
20
What is the value of (-9 - (9 - -14)) + 32?
0
What is the value of -9 + -6 + (3 - 3) + 4?
-11
Calculate -8 + -9 + (9 - -5).
-3
What is the value of 3 - (-7 + (5 - -9))?
-4
What is the value of -69 - ((0 - -4) + -32)?
-41
What is 14 - (-19 + (7 - -4) + (-2 - -16))?
8
Calculate (-22 - (-27 + 39)) + 47.
13
Evaluate -7 - (6 + -7) - (8 + -3).
-11
What is 10 + 1 + (-6 - -4 - -6)?
15
Evaluate -6 - ((5 - 3) + 3 + 2 + -1).
-12
(22 + -36 - 7) + 6 + 7
-8
Calculate (161 + -148 - (1 - -23)) + 20.
9
(-13 - (12 - 24)) + (2 + -1 - -2)
2
Evaluate 13 - (2 - (-7 - (-1 + -4))).
9
What is the value of 4 + -8 + 0 + -4 - 2?
-10
What is the value of -2 + 28 + -17 + 6 + 9?
24
Evaluate 13 + -1 + (-31 - -24) + -1.
4
Calculate -6 + 1 - (-8 - -4) - 13.
-14
What is 4 - ((-25 - -16) + 0)?
13
Calculate (-5 - (-16 + 4 - -6)) + 0 + 7.
8
(0 - 0) + (10 + 49 - 76)
-17
What is the value of 1 - (-1 - 18) - (438 - 438)?
20
What is the value of 11 - 2 - ((-3 - 7 - -18) + -8)?
9
What is -2 + 1 - (7 + -11 + -3)?
6
What is -12 + (-15 - 4) + 14?
-17
11 + -26 - -35 - 12
8
Calculate -8 + 4 - (-10 - -3).
3
Evaluate 25 - (-9 - (-11 - (10 - 8))).
21
-5 - (-22 - (4 - 12))
9
What is (19 - ((6 - 5) + 5)) + -7?
6
What is -10 - (-14 + 6 + -10)?
8
-2 + (0 - 5) - ((27 - -6) + -16)
-24
-30 - -39 - (7 + 0)
2
What is the value of -1 + -10 - (9 + -33)?
13
Evaluate 5 + -12 - (-29 + -5 + -8 + 9).
26
135 + -135 + (-1 - (-1 + 0))
0
What is -2 + 2 - (-65 + 69)?
-4
What is 10 - (1 + -4 + (-9 - -20))?
2
What is (1 + 5 - 0 - (-7 - -24)) + 5?
-6
Evaluate 8 + -5 - -3 - (-7 + -12 + 11).
14
What is the value of 9 - 34 - (26 + -39)?
-12
What is 7 - (13 - (-8 + 10))?
-4
Calculate -10 - (7 + -7) - 4 - (0 - 4).
-10
22 - ((-28 - -14) + 26)
10
What is the value of -21 + (2 - (-17 + 24))?
-26
2 + (-2 - ((2 - 17) + (-3 - 0)))
18
Calculate -15 + 3 + 29 - (-5 - 3).
25
What is the value of -3 + 24 + -3 - (-10 + (15 - 7))?
20
What is the value of 2 + -6 + 63 + -68 - (0 + -7)?
-2
What is -7 + 2 - (7 - (4 - -4 - 1))?
-5
-23 - (-1 + (16 - 28)) - 16
-26
Calculate 1 + (-7 - 1) + (-8 - -7 - 0).
-8
15 + 15 + -13 - (-2 + 9) - 15
-5
What is the value of -51 + 63 - (10 - 6 - -38)?
-30
-229 + 230 - ((-1 - -2) + 2)
-2
What is the value of 11 + 6 - (19 + -17)?
15
What is the value of 15 - (-7 - -17) - -10 - -8?
23
Evaluate 14 + 11 + -5 - 16.
4
10 + 37 - 11 - (-17 + 28)
25
What is (-1 - -4 - (-3 - -23)) + (-99 - -100)?
-16
Calculate 6 + -8 + -3 - -3 - (-3 + -12).
13
Calculate -10 + 3 - -1 - (-5 - 5).
4
Evaluate (5 + -4 - 6) + (3 - -2) + -14.
-14
What is 0 + 5 + -2 + 5 + 17 + -18?
7
7 + 3 + 6 + -20 + -4
-8
24 - (24 - -32 - 10) - (-3 + 0)
-19
What is the value of (9 + 1 + 7 - (7 - 1)) + 2?
13
What is the value of -5 + 13 + 0 + -20?
-12
Calculate 43 - 89 - (-7 - 0 - 2).
-37
What is 14 + (5 - (3 - -3)) + (-5 - -13)?
21
Evaluate 6 - (2 - ((3 - 3) + 1)).
5
Evaluate (2 - -7) + (-7 - (-15 - -16)).
1
What is 6 + (-11 - (-35 - -4)) + -6?
20
Calculate -38 + 71 + -48 - (0 - -17).
-32
Evaluate 2 - (-8 - -14 - 13).
9
Evaluate (-29 - -34) + -32 - -35.
8
-1 - (-17 - 3 - -13)
6
What is 8 + -19 + -3 + 24?
10
What is 2 + 20 + 0 + (-318 - -312) - -11?
27
Evaluate (-1 - -12) + 0 + -18.
-7
(-1 + 2 - -9) + (-3 - (25 + -23))
5
What is 14 + -1 + 7 + -14 + 2 + -8?
0
-1 + -1 + (-7 + 17 + -4 - 1)
3
Calculate -2 + (-7 - -11) - 0.
2
What is (-3 - 2) + (30 - (13 + -2)) + -1?
13
Evaluate 26 + -7 + -5 + (1 - (-6 + 8)).
13
Calculate -11 + (-1 - (7 - 10)).
-9
What is the value of 15 + (-51 - (-12 - 0))?
-24
What is the value of (1 + -1 - (-16 + 19)) + -12?
-15
What is the value of (0 - 3) + -1 - (-8 - -16)?
-12
-4 - -2 - ((14 - -11) + -24)
-3
What is -10 - (-6 + 28 + -29 + 13)?
-16
Calculate 15 - (-10 + 3 - -37) - -5.
-10
What is the value of 10 - (15 + -6 + 2 - (-3 + 0))?
-4
What is the value of (62 - 52) + 2 + (3 - -1)?
16
Evaluate 24 + 14 + (11 - 18 - 10).
21
Evaluate 23 + 2 + 30 + -39.
16
Calculate -213 + 221 - (-28 + 21 + (3 - 1)).
13
What is -8 - ((0 - 9) + (-254 - -260))?
-5
Calculate 65 + (29 - 44) + -32.
18
What is the value of (5 - (-17 + 24)) + (13 - (-1 - -2))?
10
Evaluate -12 - (-8 - (9 - 3)).
2
Evaluate -22 + (40 - 22) + -1 + 0.
-5
Calculate 11 + (-14 - -3) + 5 + 1.
6
What is the value of -14 + (15 - -3) - 18?
-14
What is 0 + -4 - (-3 + (1 - -4))?
-6
What is the value of 44 + -75 - (-4 + 1 + (-3 - -1))?
-26
25 + -19 + -14 + -4
-12
38 - (33 - -5) - (3 - -1)
-4
Calculate (-3 - (5 + -13 + 1)) + -3.
1
Evaluate 2 + -2 + 8 + 2 + 3.
13
(36 - 30) + (-5 + 25 - 1)
25
What is the value of -4 - -22 - (-6 - -9)?
15
What is the value of 7 - -13 - 10 - 6?
4
What is the value of 1 + -13 + 9 - (-8 + 4)?
1
What is 2 + 30 + 90 + -119?
3
(-11 - 1) + -10 + (1 - -10) + -5
-16
What is the value of 6 - (-9 - (-14 + (-6 - 3)))?
-8
Evaluate -7 + 1 + 2 + (13 - 19) - -6.
-4
Calculate 2 + 0 - 4 - (2 - (11 - -6)).
13
What is (41 - (1 - -7) - (8 - 4)) + -6?
23
Calculate -12 - (-28 + -9 + 2 - -3).
20
What is (-2 - -7) + (-18 - -4 - (-5 - -3))?
-7
What is the value of -1 + (10 - (-12 + -2 + 19))?
4
Calculate 13 - (-2 + -14) - 13.
16
Calculate (5 - (1 + -3 + 20 - 8)) + -3.
-8
Calculate -5 - (-5 + -2 - (4 + -14)).
-8
Calculate 8 - (12 + 7 + -4).
-7
What is the value of 0 + -34 - (-14 + 7 - 8 - -9)?
-28
What is the value of -2 + 8 + -10 - (-12 - -2)?
6
What is the value of (-2 + 5 - 6 - -7) + 19 + 1?
24
(2 - 21) + (182